7829 a multiple of 5054?
False
Is 168961529 a multiple of 355?
False
Is 811 a factor of 345356186?
False
Is 29803158 a multiple of 82?
False
Does 1273 divide 59218470?
False
Is 4 a factor of 7193204?
True
Is 772712415 a multiple of 242?
False
Is 13580090 a multiple of 41?
False
Does 62 divide 1616447756?
True
Is 24 a factor of 17407487?
False
Does 4420 divide 217238580?
True
Does 21 divide 1775624907?
True
Does 12 divide 226219932?
True
Does 32 divide 7551072?
True
Is 21016598 a multiple of 125?
False
Does 128 divide 25417742?
False
Is 841 a factor of 78891848?
False
Is 422389954 a multiple of 694?
False
Is 2 a factor of 1624635?
False
Does 3 divide 99868463?
False
Does 1578 divide 18767286?
False
Is 1519709483 a multiple of 103?
True
Does 1971 divide 112314866?
False
Is 3544801952 a multiple of 4184?
True
Is 641401110 a multiple of 126?
True
Is 14606460 a multiple of 55?
True
Does 35 divide 471275385?
True
Is 533419632 a multiple of 4786?
False
Does 27 divide 10279170?
True
Does 4418 divide 70449083?
False
Is 33110194 a multiple of 580?
False
Is 91 a factor of 13611780?
True
Does 18 divide 126403460?
False
Is 36 a factor of 889748712?
True
Is 2775691500 a multiple of 580?
True
Does 45 divide 365712975?
True
Is 27862896 a multiple of 627?
False
Is 177 a factor of 13016535?
False
Is 29649449 a multiple of 148?
False
Is 18 a factor of 133920136?
False
Does 1893 divide 785273190?
True
Is 889 a factor of 1515332875?
False
Is 6 a factor of 125831585?
False
Is 341 a factor of 3511486?
False
Does 748 divide 28617380?
False
Is 1811066130 a multiple of 90?
True
Does 996 divide 1738859628?
True
Does 23 divide 108436243?
False
Does 56 divide 88363184?
True
Is 2156765582 a multiple of 3907?
True
Is 43 a factor of 21604447?
True
Does 137 divide 410520911?
True
Is 4717227220 a multiple of 284?
True
Is 32 a factor of 1191455168?
True
Is 27 a factor of 16358432?
False
Is 79570370 a multiple of 374?
True
Is 5785441699 a multiple of 647?
False
Does 2982 divide 83946282?
True
Is 185627572 a multiple of 338?
True
Is 89434988 a multiple of 10?
False
Is 13 a factor of 478685577?
False
Is 20742288 a multiple of 1176?
True
Does 7 divide 11636373?
True
Does 409 divide 58122946?
False
Is 290242800 a multiple of 16?
True
Does 191 divide 50681569?
False
Does 185 divide 222951?
False
Is 22670895 a multiple of 57?
True
Is 141023890 a multiple of 452?
False
Does 68 divide 838281220?
True
Is 548539490 a multiple of 20?
False
Is 27648800 a multiple of 150?
False
Does 996 divide 78825314?
False
Is 50533040 a multiple of 308?
False
Is 12 a factor of 27402852?
True
Does 43 divide 13441069?
True
Is 18 a factor of 28250532?
True
Is 142913814 a multiple of 481?
False
Is 3060028 a multiple of 103?
False
Is 7 a factor of 508947542?
False
Is 71 a factor of 19027041?
False
Does 34 divide 93562492?
True
Is 14 a factor of 652127701?
False
Is 121284141 a multiple of 354?
False
Is 46 a factor of 84866611?
False
Is 9 a factor of 33757624?
False
Does 31 divide 71349470?
False
Does 41 divide 12462811?
True
Does 187 divide 135862903?
False
Does 996 divide 382351452?
True
Is 3204 a factor of 369065272?
False
Is 2960650350 a multiple of 50?
True
Does 48 divide 10981824?
True
Does 1671 divide 2866242906?
True
Does 27 divide 62700595?
False
Does 46 divide 29393816?
True
Is 22 a factor of 168403676?
False
Is 106 a factor of 140640164?
True
Does 2621 divide 2637326209?
True
Is 2150575 a multiple of 7?
True
Does 3130 divide 317774160?
False
Is 3582664 a multiple of 27?
False
Does 6 divide 131893975?
False
Is 288829680 a multiple of 120?
True
Does 13 divide 27597450?
False
Is 162273230 a multiple of 7?
True
Is 41 a factor of 35794640?
True
Does 562 divide 207093515?
False
Is 11 a factor of 292125272?
False
Does 47 divide 19668831?
False
Is 46087125 a multiple of 291?
True
Is 141 a factor of 615084582?
True
Is 34 a factor of 18589424?
False
Does 309 divide 66706920?
True
Is 220680187 a multiple of 91?
True
Is 13911774 a multiple of 8?
False
Is 13 a factor of 625932879?
True
Is 1929 a factor of 1055807202?
False
Is 85129228 a multiple of 51?
False
Is 31881864 a multiple of 4?
True
Is 2085100286 a multiple of 17?
True
Is 11 a factor of 7425089513?
False
Is 5 a factor of 109536190?
True
Does 296 divide 17823157?
False
Is 58 a factor of 54581140?
False
Is 222868876 a multiple of 230?
False
Does 8 divide 28583976?
True
Does 19 divide 301586950?
False
Is 139 a factor of 57631485?
True
Is 158 a factor of 1178229012?
False
Is 193 a factor of 505871377?
False
Is 38 a factor of 237515610?
False
Does 41 divide 70258339?
False
Is 4 a factor of 29672920?
True
Does 26 divide 1197142154?
True
Is 53 a factor of 1281493625?
True
Is 155441146 a multiple of 1161?
False
Is 5 a factor of 25002429?
False
Does 16 divide 855502720?
True
Does 34 divide 2963943391?
False
Is 9 a factor of 50722542?
True
Does 33 divide 127024168?
False
Does 40 divide 12912338?
False
Is 444102066 a multiple of 6?
True
Is 1299 a factor of 417102063?
False
Is 1380 a factor of 626002500?
True
Is 201 a factor of 4344601800?
False
Does 10 divide 6604142?
False
Is 120 a factor of 302589720?
True
Is 695 a factor of 1311501140?
True
Is 8189 a factor of 377676680?
True
Does 119 divide 265740921?
False
Is 71 a factor of 56446846?
True
Does 1270 divide 64814450?
True
Is 21716566 a multiple of 141?
False
Is 20 a factor of 1813212?
False
Is 94752 a multiple of 14?
True
Is 16 a factor of 317219563?
False
Does 13 divide 6966090573?
True
Does 353 divide 1190041013?
True
Does 41 divide 135769419?
False
Is 50996738 a multiple of 13?
True
Is 1707 a factor of 586762473?
True
Is 54 a factor of 34818012?
True
Does 2 divide 554024248?
True
Is 64 a factor of 190532480?
True
Does 71 divide 3472888817?
True
Is 2914311338 a multiple of 2349?
False
Does 93 divide 93854949?
True
Is 159899852 a multiple of 212?
False
Is 373 a factor of 1171568109?
False
Is 56717262 a multiple of 7?
True
Is 91305808 a multiple of 176?
True
Is 870 a factor of 28373310?
True
Does 1280 divide 234871127?
False
Is 1319421978 a multiple of 399?
True
Is 422 a factor of 719532788?
True
Is 736134224 a multiple of 235?
False
Does 3007 divide 47600810?
True
Does 203 divide 5664610455?
True
Is 13 a factor of 86999191?
False
Does 586 divide 717338455?
False
Is 96 a factor of 513350304?
True
Does 16608 divide 4544355483?
False
Does 354 divide 2388065232?
False
Is 33 a factor of 76138163?
False
Is 539 a factor of 27057160?
False
Is 1521 a factor of 50626485?
True
Is 2198 a factor of 41377350?
True
Is 21833629 a multiple of 49?
False
Does 206 divide 78392476?
True
Does 876 divide 30356028?
True
Is 571306531 a multiple of 2014?
False
Does 7 divide 45764425?
True
Does 452 divide 76668233?
False
Is 517 a factor of 88245179?
True
Is 11 a factor of 22265189?
False
Does 8 divide 795992?
True
Does 23 divide 124747722?
True
Is 106 a factor of 1014210642?
False
Is 15 a factor of 98397540?
True
Is 1992142380 a multiple of 12?
True
Does 3 divide 272791?
False
Is 105719255 a multiple of 1095?
False
Is 303008424 a multiple of 59?
True
Is 61 a factor of 6110187?
True
Is 834976714 a multiple of 517?
True
Is 23935374 a multiple of 3897?
True
Is 414242730 a multiple of 55?
True
Is 8 a factor of 2675936?
True
Does 1037 divide 263401291?
False
Does 481 divide 282009845?
False
Is 28 a factor of 806901739?
False
Is 153678332 a multiple of 82?
True
Is 15 a factor of 90768135?
True
Is 28410916 a multiple of 328?
False
Is 31919593 a multiple of 156?
False
Is 77563530 a multiple of 1986?
False
Does 15 divide 200042910?
True
Does 2214 divide 1751729653?
False
Is 62308296 a multiple of 342?
True
Is 6375242 a multiple of 660?
False
Is 164 a factor of 184350541?
False
Does 128 divide 183808?
True
Is 64183342 a multiple of 227?
True
Does 104 divide 19601232?
False
Is 94426742 a multiple of 37?
False
Is 1563737475 a multiple of 9551?
True
Is 201254136 a multiple of 6?
True
Does 5 divide 227412198?
False
Is 18 a factor of 2456197859?
False
Is 107010817 a multiple of 349?
False
Is 446 a factor of 2322219420?
True
Does 9 divide 15812549?
False
Is 7 a factor of 576745379?
True
Is 49283920 a multiple of 80?
True
Does 1204 divide 2675344807?
False
Does 45 divide 38294955?
True
Does 3187 divide 2853742697?
False
Does 53 divide 344515214?
Fals